
Suppose -4*r + i + 7587060 = 0, -69*r = -70*r + 4*i + 1896795. Is r a composite number?
True
Is (-1)/2*679092/(-6) a prime number?
True
Suppose 0 = -14*u + 176372 + 98294. Is u a prime number?
False
Let s(i) = -i**3 - i**2 + 7*i + 8. Let l be s(-3). Is (l - (-26)/(-8))/((-7)/(-82292)) a prime number?
False
Suppose -5*b + h + 232347 = 0, -48*b + 139373 = -45*b - 5*h. Is b composite?
False
Let t(h) = -2 + h - 2*h + 0 - 8. Let k be t(-14). Is 347/k*(-17 - -21) composite?
False
Suppose -4*z + 2*r = -436245 - 284413, 0 = 5*r + 35. Is z a composite number?
False
Let f = -21 + 41. Suppose 0 = 3*x - 3*d - 1650, 0*d - 4*d + f = 0. Suppose 4*w + w = x. Is w a prime number?
False
Suppose 5*b = 4*g - 733031, 916299 = 5*g + 1010*b - 1006*b. Is g a prime number?
True
Let u(w) = 314*w - 227. Is u(5) composite?
True
Suppose 150000 = 4*n + 4*j, -2*j - 530 = -540. Is n composite?
True
Let m(a) = -72*a**3 - 18*a**2 - 2*a + 7. Suppose 12 = -4*b, -15*y + 10*y + 3*b - 21 = 0. Is m(y) a composite number?
False
Suppose -4*s - 2451 = 2*d - 44183, -5*s + 20860 = d. Is 5/(-70) + d/140 a prime number?
True
Let f(q) = -q**2 - 4*q + 3. Let s be f(-4). Let v be -5 + (7002/(-36))/(2/4). Is s - 0 - (v + 6) prime?
False
Suppose -57*s - 85107 = -58*s - 2*n, s + 5*n - 85122 = 0. Is s prime?
False
Let p be (-3)/(-4 - 10/(-2)) + -5358. Let n = 7732 + p. Is n a composite number?
False
Suppose 2*j - 4*j - p - 71 = 0, 5*p = 2*j + 65. Is 22142/7 - (485/j - -14) prime?
True
Let v(h) = 8*h**3 + 2*h**2 - h - 2. Let b be v(-3). Let k = 647 - b. Suppose 6*d = 2*d + k. Is d prime?
True
Let t(k) = -2*k**2 + 55*k + 14. Let l(g) be the first derivative of 5*g**3/3 - 111*g**2/2 - 27*g + 18. Let b(n) = -3*l(n) - 7*t(n). Is b(-24) a prime number?
False
Suppose f = b - 3, 0 = -5*b + 4*b - 5*f + 27. Let o(h) = 1 + 0 + b*h**3 - 4*h + 0 - 4*h**3 + 3*h**2. Is o(3) composite?
False
Let p = 136998 - 61177. Is p prime?
True
Let i(r) = 274*r**2 + 20*r - 62. Let k be i(7). Suppose k = 4*v - 6564. Is v composite?
True
Suppose -1393044195 = -771*h + 3362974802 + 629648074. Is h prime?
True
Let t be 333 + (-1 - (2 + -1)). Let p = -1932 - -1756. Let h = p + t. Is h a composite number?
True
Let x(w) be the first derivative of -1/4*w**4 + w**3 + 1/2*w**2 + 4385*w + 26. Is x(0) a prime number?
False
Let q(d) = -3*d**3 - 36*d**2 + 468*d + 52. Is q(-55) prime?
True
Is (-11)/(-44) + 978115/4 prime?
True
Let f = -291 - -288. Is -5 + (f - -45151)*1 prime?
False
Let h be (15/(-20))/(9/(-84)). Suppose h*a - 36 - 41 = 0. Suppose -38027 + 946 = -a*r. Is r a prime number?
True
Let b(r) = -472*r + 5. Suppose -5*l - 3*q - 19 = 0, 12 = -4*l + 2*q - 12. Let k be b(l). Suppose -3*c - 2*f = -k, 3*c - 1862 = 2*f + 495. Is c composite?
False
Let r(o) = 10*o**3 + 30*o**2 + 26*o + 62. Suppose 0 = -4*f - 40 + 12. Let a(k) = -3*k**3 - 10*k**2 - 9*k - 21. Let j(q) = f*a(q) - 2*r(q). Is j(-7) prime?
False
Is (-16701480)/(-135) + 35 + (-2)/3 prime?
False
Suppose -4*q - i - 8 = -4*i, -3*q + 19 = 4*i. Let f(v) = v**3 - 9*v**2 - 3*v + 89. Let g be f(8). Is (17 - -1554)/(g/q) composite?
False
Let n(z) = -z**3 + 3*z**2 + 20*z + 8. Let i be n(6). Suppose -23*h = -i*h - 3246. Is h prime?
False
Let t = -12 + 16. Suppose 0*d + t*f - 1 = 3*d, 5*f = -2*d - 16. Let b(n) = -129*n - 5. Is b(d) prime?
False
Is -8 - (362703/(-6) + 11/(-22)) composite?
False
Let j(i) = i - 10*i + 6*i + 481*i**2 - 3 + 4. Is j(-2) a prime number?
True
Suppose 168066 = 23*h - 14*h. Suppose -4*k - 4*f + 17110 = -20178, -2*k + 4*f + h = 0. Is k a composite number?
True
Let f be (-8)/6*3/(-2). Suppose -10*d + 60 = f*d. Is -3 - (-8933 + 3)/d a prime number?
True
Suppose 11*p - 43576 = 153907. Is p composite?
True
Let j be (-14)/(-8) - 2/(-8). Suppose l + 108 = -4*o, 2*o - j*l + l = -48. Let a = 5 - o. Is a composite?
False
Suppose 0 = -22*z + 137 + 149. Suppose z*f = 25757 + 15362. Is f a prime number?
True
Suppose 313*q = 306*q + 67627. Is q composite?
False
Let a(s) = -5198*s**3 - s**2 + s - 1. Let t be a(1). Let z = -3638 - t. Is z a composite number?
True
Suppose -3*b = 5*c - 191, 4*b + 4*c + 20 = 272. Suppose b + 42 = 13*i. Suppose y + 301 = i*y. Is y composite?
False
Let f(m) = -m**2 - 7*m - 7. Let o be f(-5). Suppose -2*g = 3*y - 8*y + 11605, -15 = -o*g. Is y a composite number?
True
Let q = 32 - 42. Let y(s) = 52 + 57 - 106 - s. Is y(q) prime?
True
Let g(r) = r**2 + 8*r - 6. Let a be g(-6). Let h = a + 32. Suppose 15*b = h*b + 553. Is b prime?
False
Let l(x) = -1802*x + 101. Is l(-6) composite?
True
Let v(j) = -5558*j - 545. Is v(-3) a composite number?
True
Let u(o) = 2*o + 6 - 7 + 1. Let a be u(3). Suppose 3*w - 2*j = 1625, -2*j + a*j = -w + 537. Is w a composite number?
False
Let y(x) = -x**2 + 13*x - 30. Let t be y(8). Is 58/(-4)*(-141 + t/(-10)) composite?
True
Suppose 5*v + 23 - 58 = 0. Suppose -5*o - 5*x - 135 = 0, -o + 0*o = 5*x + v. Is (-1788)/(-10) + o/40 a composite number?
True
Let b = -153 + 158. Is b/(4/(1 + 315)) a prime number?
False
Let t be (108/45)/(4/(-250)). Suppose 5*q - 2*s - 14 = 0, -1 = -q - s + 6. Is (-38080)/t - q/(-30) a composite number?
True
Let b = 4065 - 1869. Let w = b - 5620. Let v = 6077 + w. Is v a prime number?
False
Let i(o) = -75102*o - 148. Let y be i(-6). Is (-1)/(-4*8/y) prime?
False
Let b be (-18)/(-207) + (-44)/(-23). Is b/(-6)*(-15 + -9276) a composite number?
True
Is (391/46 - 9)*(-1196686 + 0) a composite number?
True
Let j(l) = 15881*l**3 + 6*l**2 - 42*l + 63. Is j(2) composite?
False
Let d(v) = 46639*v**2 + 29*v + 11. Is d(5) composite?
False
Suppose -2*n + 1 = -19. Let t be (6/9 + -2)*-531. Suppose n*u - 3382 = t. Is u a prime number?
True
Suppose k = t - 4*k - 6241, 0 = 2*t - k - 12527. Suppose 4707 = -2*x + 5*x + 3*h, 4*x - h = t. Is x a prime number?
True
Let t be 6/9 + 7*(-4)/6. Let n be (1 + -1)*(-2)/t. Suppose n = -9*f + 1408 + 419. Is f a prime number?
False
Is (11 + 2743/(-2))*46/(-3) a composite number?
True
Suppose 2*u - j = -158, -3*u - 3*j - 247 = -2*j. Let c(p) = -p**3 - 38*p**2 - 169*p + 2. Let m be c(-33). Let o = u + m. Is o a prime number?
True
Let y be 6/(-24)*64/(-2) + 0. Let h(v) = 0 + 5*v**2 - 3*v - 2*v + 7. Is h(y) composite?
True
Let m be (-7)/(42/(-12)) - (5 + 0). Let k(o) = -34*o**3 - 7*o**2 - 3*o - 2. Is k(m) a prime number?
False
Suppose -5679193 = -4*m - y, -4*m - 1121*y + 1117*y = -5679184. Is m a prime number?
True
Let j = -122523 + 176002. Is j a composite number?
False
Let v(s) = 8257*s - 212. Is v(43) prime?
True
Suppose -2*t + 22970 = 5*z, -5*t + 22970 = -3*z + 8*z. Let w = z - 1347. Is w a composite number?
True
Let w(i) be the second derivative of -2*i**2 + 0 - 2*i + 5/6*i**4 - 1/2*i**3. Is w(-3) prime?
False
Let i = 61 + -76. Let w be -1*(-3)/((-9)/i). Suppose 4*m = w*v - v - 2000, v = -m + 504. Is v composite?
True
Suppose -38*v - 3972662 = -17469426. Is v composite?
True
Let s be 33*(-4)/18*6/(-4). Suppose 76 = -l - s. Is l*-3*(-2)/(-9) prime?
False
Let j = 409 + -428. Let o(s) = 60*s**2 - 36*s - 103. Is o(j) prime?
False
Suppose z - 8154 - 13176 = -5*f, -5*z - 17035 = -4*f. Suppose 38*c + f = 43*c. Is c a composite number?
False
Let x(i) = -1889*i**3 - 30*i**2 - 3*i - 45. Is x(-4) prime?
True
Suppose 3*f + h = -h + 25, 2*f + 3*h - 25 = 0. Suppose -6*s + 5*s + 4*z + 24919 = 0, f*z = 5*s - 124520. Is s composite?
True
Suppose -4*y + 4797 = -3*o, 0 = 2*y - 0*o + 5*o - 2431. Suppose t + 3*s = 409, y = 3*t - 0*s + 3*s. Is t prime?
True
Let k(n) = 2*n + 4. Let b be k(-2). Suppose b = -2*p + y + 1341, 4*y - 11 - 9 = 0. Is p a prime number?
True
Suppose 26 = 4*t + 14. Suppose 0 = -t*w + 37 + 5. Suppose 11*v = w*v - 5829. Is v composite?
True
Let c(r) = 2*r**2 + 2*r + 3. Let m(b) = -b**2 - b - 1. Let p(v) = -2*c(v) - 5*m(v). Let n(q) = q**2 - 7*q - 23. Let j(g) = -n(g) + 2*p(g). Is j(-17) prime?
True
Let m = 4 + -5. Let a(u) = -26*u + 12. Is a(m) prime?
False
Suppose 0 = -4*w + 2*w - 2. Let f be (-6 + 7)*(2 - w*2). Suppose -2*x = 4*d - 546, -488 = -f*d - 3*x + 63. Is d prime?
False
Let r = 503 + -500. Suppose r = 3*l, -12892 = u + 4*l - 36649. Is u a composite number?
False
Let r = 780780 + -138199. Is r a prime number?
True
Let v(g) = -3*g**2 - 19*g - 11. Let i be v(-6). Is 1145 - (i/(-10)*-4 - 2) a composite number?
True
Suppose -39*c - 406565 = -1106791 - 690943. Is c a prime numbe